y and m?
31
Let u = 62 + -62. Suppose u = -4*z + p + 85 - 2, -2*z + 40 = -2*p. What is the greatest common factor of z and 231?
21
Let p be -319 - -332 - (-1364)/1. What is the highest common divisor of 6 and p?
3
Suppose -130 = m - 4*s + 8*s, 0 = -2*m + 5*s - 221. Let p = m + 270. Let q be 2 + -3 - (1 + -40). Calculate the greatest common divisor of p and q.
38
Let s = 116 - 106. Let i(h) = 16 - 88 - 16 - s*h. Let g be i(-16). What is the highest common factor of g and 180?
36
Let f(v) = -v**3 - 10*v**2 - 24*v + 50. Let z be f(-7). What is the highest common factor of 2911 and z?
71
Suppose 6 - 15 = -m. Let a be (690/m)/((-2)/(-3)). Suppose 4*s - 4*q - 80 = 0, -18*q + 57 = 3*s - 22*q. Calculate the greatest common divisor of s and a.
23
Suppose -15*j + 10*j - 4160 = 0. Let q be (-2)/6 - j/(-6) - 3. Let s = 227 + q. Calculate the highest common divisor of s and 17.
17
Suppose 0*o = -22*o. Suppose o = 3*u - 7*u - 348. Let y = -33 - u. What is the highest common factor of y and 18?
18
Let y be (-994)/(-42) + (-1)/(-3). Let b(l) = 15 + 17 - 29 - l. Let c be b(0). Calculate the highest common divisor of c and y.
3
Suppose -3824 = 5*p - 21*p. Let y = p - 107. What is the highest common divisor of y and 24?
12
Suppose 65*l - 3468 - 2856 = 4141. Let f(t) = -t**3 - 11*t**2 - 11*t + 11. Let q be f(-10). Calculate the highest common factor of l and q.
7
Suppose -3*k - 5*a = 442, -5*k + 10*a - 9*a - 746 = 0. Let w = k - -281. What is the greatest common factor of w and 4?
4
Let u = 19108 + -12394. What is the greatest common divisor of u and 6?
6
Let o be -1 + (35 + -2 - 2). Let n be 1/((14/(-91))/(-2)). Suppose 24*r - 165 = n*r. Calculate the highest common divisor of r and o.
15
Let c(q) = q**2 + 174. Let i be c(0). Suppose -n = 5*p - i, 0 = 2*n + n - p - 458. Let y be 12/6 + (9 - -3). Calculate the greatest common factor of y and n.
14
Suppose 3*s - 11 = -2*l, 7*l = 4*l - 5*s + 17. Suppose 4*r - 7 - 33 = 5*a, -l*r + 40 = -4*a. What is the greatest common divisor of 125 and r?
5
Suppose 0 = -2*v - 6*l + l - 1105, 2*v - 4*l + 1132 = 0. Let k = 692 + v. Calculate the greatest common factor of 24 and k.
12
Let q be (884 - -7)*(-16)/(-8). What is the highest common factor of q and 330?
66
Suppose 5*c + f = 282 + 483, 2*f = 4*c - 612. Calculate the highest common factor of c and 63.
9
Let k be -2 - (-1 + -1*34). Let r(a) = -a**2 + 6*a + 18. Let j be r(8). Let q be (-64)/(-288) - j*50/(-36). Calculate the greatest common divisor of q and k.
3
Suppose 11*l - 65 = -2*l. Let v be (-4 - (-2 + -2)) + (l - 1). Calculate the highest common factor of v and 100.
4
Let x(h) be the second derivative of h**4/6 - h**3 + 3*h**2 - 3*h. Let k be x(2). What is the greatest common factor of k and 4?
2
Let f(b) = -b + 7. Let y = -40 - -47. Let n be f(y). Suppose 4*a - 3*j = 10, n*a - 5*j = -2*a + 12. What is the highest common divisor of a and 7?
1
Suppose t + 10 = 2*t. Let j be (t/4 + -2)*120. Let z be 1980/72 + 279/(-18). Calculate the highest common divisor of j and z.
12
Suppose 22*p + 409 = 6921. Let f = 300 - p. What is the highest common factor of 34 and f?
2
Suppose 4*z - 7508 = -6*v, 3*v - 36*z + 31*z - 3782 = 0. Calculate the highest common divisor of 528 and v.
66
Suppose -8*j + 1 = 9. Let z be (3 + 4/(-4) - j) + -33. Let p be 56/10 - ((-228)/z - 8). What is the greatest common factor of 66 and p?
6
Suppose 5*n + 43 = -0*n - 2*t, n = -t - 8. Let a(w) = 462*w - 1404*w + 2 + 463*w + 468*w - 14. Let z be a(n). Calculate the greatest common divisor of 29 and z.
29
Let p be (3/4)/((-3)/(-12)) - -28. Calculate the highest common factor of p and 3813.
31
Let o = -6981 - -7034. What is the highest common divisor of o and 1961?
53
Suppose 2*z - 38 = -0*z + 5*v, -2*v = 4. Let t = z - 11. Let d be (-8)/t*(-561)/44. Calculate the highest common factor of d and 68.
34
Let d be (-1)/2 - (-26)/4. Suppose 2 = -r, 0 = 3*s - 0*s - 5*r - 19. Suppose 33 - s = 5*f. What is the highest common factor of f and d?
6
Let i(m) = 2*m + 44. Let a be i(-22). Suppose -2*s = -5*b + 4, -4*s + a*b - b = -36. Suppose 6*g = s*g - 30. Calculate the highest common divisor of 120 and g.
15
Suppose -10*h + 1326 = 3*h. Let i be 896/3 - 2/3. Suppose i = a - h. Calculate the greatest common factor of 50 and a.
50
Let y = 742 - 739. Suppose y*x - 20*x + 3400 = 0. What is the greatest common divisor of x and 125?
25
Let t(i) = i**3 - 6*i**2 + i + 8. Let b be t(7). Let v be (-10)/(-6)*1365/175. Suppose v*q = 5*q + b. Calculate the highest common factor of q and 40.
8
Suppose 3*x - 1148 = 5*j, -x + 2*x - 406 = -3*j. Suppose -28*k - 212 + 1592 = 32*k. What is the greatest common divisor of k and x?
23
Let v be (-20 - -26)*(-7)/(-2). Suppose 0*l - 1911 = -7*l. Calculate the greatest common divisor of v and l.
21
Let k(l) = -431*l. Let m be k(1). Let y = m + 1096. Suppose 50*b + y = 55*b. What is the greatest common divisor of b and 19?
19
Suppose v + 1 = 0, -30*b + 1529 = -26*b - v. Calculate the greatest common divisor of b and 2.
2
Suppose 669*q - 10520 = 668*q. What is the greatest common factor of 40 and q?
40
Suppose 41*y - 8 = 43*y, 10720 = 4*u + 4*y. What is the greatest common factor of 183 and u?
61
Let v(x) = 12*x + 26. Let r be v(2). What is the greatest common divisor of r and 40?
10
Suppose -6*o + 14809 = 2209. Calculate the greatest common divisor of o and 735.
105
Let f = -270 - -2116. Calculate the highest common factor of 284 and f.
142
Suppose -133*j + 33*j = -59400. Let b(q) = 6*q + 10. Let m be b(2). What is the greatest common factor of m and j?
22
Suppose 0 = 3*t - v - 5420, -61*v + 15 = -64*v. What is the highest common divisor of t and 95?
95
Let y be ((-5)/3)/((-25)/90). Let p(b) = -2*b - 1 + y - 6. Let s be p(-1). Calculate the highest common divisor of s and 16.
1
Let v(w) be the third derivative of w**4/2 + w**3/3 + w**2. Let x be v(-5). Let g = x - -63. What is the highest common factor of 15 and g?
5
Let q be 1338/10 + 12/(-15). Let y be 21931/q + 9/(171/2). What is the greatest common factor of 66 and y?
33
Let f(g) = 68*g + 613. Let p be f(-9). Let a = -11 - -18. Calculate the greatest common factor of p and a.
1
Let f(x) = 27*x + 26. Let d(c) = 14*c + 13. Let i(q) = 13*d(q) - 6*f(q). Let w be i(-5). Let g = -65 - w. What is the highest common divisor of 176 and g?
22
Suppose 5*j - 96 = 3*j. Let n(l) = 4*l**2 - 7*l - 21. Let z be n(9). What is the highest common factor of j and z?
48
Suppose 8*z = 29*z - 14*z - 25900. What is the greatest common divisor of 222 and z?
74
Suppose -3*f + 4*f - 522 = -28*f. Calculate the highest common factor of 423 and f.
9
Suppose -5*k = 5*m - 20655, -5*k + 228*m + 20631 = 229*m. Calculate the highest common divisor of k and 33.
33
Let f(r) = 2*r**2 + 172*r + 685. Let s be f(-82). What is the greatest common factor of s and 8381?
29
Let w(g) = 24*g + 208. Let x be w(-9). Let n be ((-4)/(24/(-9)))/(x/(-384)). What is the highest common divisor of 36 and n?
36
Let s(c) = 12*c**3 - c**2 - c. Let p be s(2). Let f(x) = x**2 + 16*x - 3695. Let g be f(55). Calculate the highest common factor of g and p.
30
Suppose 91*j + 151*j - 1206 = 76234. Let f = 35 + -25. Calculate the greatest common factor of f and j.
10
Let z(r) = r**3 + 20*r**2 + 14*r - 53. Suppose 0 = -3*u - 11 - 46. Let q be z(u). Calculate the highest common factor of 56 and q.
14
Let d = 2758 + 5492. What is the greatest common divisor of d and 132?
66
Let w(r) = 146*r - 8005. Let c be w(86). Calculate the highest common divisor of c and 333.
111
Let u be (5 - 1) + 0/(-3 - -5). Suppose -u*d - 2 = -2*d. Let l be (-24 + 23)*(50/d - 1). Calculate the highest common factor of l and 17.
17
Let f be 1434/(-1195)*870/(-4). Calculate the greatest common divisor of f and 580.
29
Let j(p) = p**3 + 5*p**2 + 2*p + 2. Let z be j(-2). Let d = 50 - 268. Let u = d - -258. Calculate the greatest common divisor of z and u.
10
Let n(b) = 5*b**2 + 87*b + 45. Let f(h) = 14*h**2 + 256*h + 136. Let i(s) = 3*f(s) - 8*n(s). Let m be i(-36). Calculate the greatest common factor of 132 and m.
12
Suppose -5*k - 43 = -3*f, -f + 2*k - 51 = -6*f. Suppose f*w = -w + 840. What is the greatest common factor of 30 and w?
10
Let h = -6274 + 6275. Calculate the greatest common divisor of 131 and h.
1
Suppose -19*l - 5709 + 578